{"id":40,"date":"2023-03-14T18:03:48","date_gmt":"2023-03-14T17:03:48","guid":{"rendered":"https:\/\/www.einfach-losgehen.at\/?page_id=40"},"modified":"2023-03-15T15:33:49","modified_gmt":"2023-03-15T14:33:49","slug":"portfolio","status":"publish","type":"page","link":"https:\/\/www.einfach-losgehen.at\/?page_id=40","title":{"rendered":"Mentaltraining"},"content":{"rendered":"\n<div class=\"wp-block-cover alignfull\" style=\"min-height:300px;aspect-ratio:unset;\"><span aria-hidden=\"true\" class=\"wp-block-cover__background has-nv-site-bg-background-color has-background-dim-100 has-background-dim\"><\/span><div class=\"wp-block-cover__inner-container is-layout-flow wp-block-cover-is-layout-flow\">\n<div class=\"wp-block-group\"><div class=\"wp-block-group__inner-container is-layout-flow wp-block-group-is-layout-flow\">\n<h1 class=\"has-text-align-left has-neve-text-color-color has-text-color wp-block-heading\">Beispiele, bei denen Mentaltraining helfen kann&#8230;<\/h1>\n<\/div><\/div>\n<\/div><\/div>\n\n\n\n<div class=\"wp-block-cover alignfull\" style=\"min-height:600px;aspect-ratio:unset;\"><span aria-hidden=\"true\" class=\"wp-block-cover__background has-nv-light-bg-background-color has-background-dim-100 has-background-dim\"><\/span><div class=\"wp-block-cover__inner-container is-layout-flow wp-block-cover-is-layout-flow\">\n<div class=\"wp-block-group\"><div class=\"wp-block-group__inner-container is-layout-flow wp-block-group-is-layout-flow\">\n<div class=\"wp-block-columns are-vertically-aligned-center is-layout-flex wp-container-core-columns-is-layout-9d6595d7 wp-block-columns-is-layout-flex\">\n<div class=\"wp-block-column is-vertically-aligned-center is-layout-flow wp-block-column-is-layout-flow\" style=\"flex-basis:50%\">\n<div class=\"wp-block-buttons is-layout-flex wp-block-buttons-is-layout-flex\">\n<div class=\"wp-block-button aligncenter is-style-primary\"><a class=\"wp-block-button__link wp-element-button\">UNZUFRIEDENHEIT JOB<\/a><\/div>\n<\/div>\n\n\n\n<p class=\"has-text-align-left has-neve-text-color-color has-text-color\">Ich mache etwas, das mich gar nicht erf\u00fcllt oder freut. Aber der Verdienst ist gut. Ich kann nichts \u00e4ndern.<\/p>\n\n\n\n<div class=\"wp-block-buttons is-content-justification-center is-layout-flex wp-container-core-buttons-is-layout-16018d1d wp-block-buttons-is-layout-flex\">\n<div class=\"wp-block-button is-style-primary\"><a class=\"wp-block-button__link wp-element-button\">STRESS\/INNERE UNRUHE<\/a><\/div>\n<\/div>\n\n\n\n<p class=\"has-nv-dark-bg-color has-text-color\">Ich habe Stress, das Gef\u00fchl keine Zeit f\u00fcr mich zu haben, ich bin in einem Hamsterrad gefangen und komme nicht heraus.<\/p>\n\n\n\n<div class=\"wp-block-buttons is-content-justification-center is-layout-flex wp-container-core-buttons-is-layout-16018d1d wp-block-buttons-is-layout-flex\">\n<div class=\"wp-block-button is-style-primary\"><a class=\"wp-block-button__link wp-element-button\">GL\u00dcCKLICH SEIN<\/a><\/div>\n<\/div>\n\n\n\n<p class=\"has-text-align-left has-nv-dark-bg-color has-text-color\">Ich habe gef\u00fchlt nicht viel Gl\u00fcck und anderen fallt alles zu. Ich m\u00f6chte gl\u00fccklich sein und unbeschwert leben k\u00f6nnen.<\/p>\n\n\n\n<div style=\"height:0px\" aria-hidden=\"true\" class=\"wp-block-spacer\"><\/div>\n\n\n\n<div class=\"wp-block-buttons is-content-justification-center is-layout-flex wp-container-core-buttons-is-layout-16018d1d wp-block-buttons-is-layout-flex\">\n<div class=\"wp-block-button is-style-primary\"><a class=\"wp-block-button__link wp-element-button\" href=\"#\">TRENNUNG<\/a><\/div>\n<\/div>\n\n\n\n<p class=\"has-nv-dark-bg-color has-text-color\">Soll ich mich trennen oder nicht, war das schon alles im Leben? Meine Lage scheint aussichtslos und ich w\u00fcrde gerne alle M\u00f6glichkeiten und was daraus resultieren kann erfahren, um dann eine gute Entscheidung treffen zu k\u00f6nnen.<\/p>\n\n\n\n<div class=\"wp-block-buttons is-layout-flex wp-block-buttons-is-layout-flex\">\n<div class=\"wp-block-button aligncenter is-style-primary\"><a class=\"wp-block-button__link wp-element-button\">GL\u00dcCKLICH SEIN<\/a><\/div>\n<\/div>\n\n\n\n<p class=\"has-nv-dark-bg-color has-text-color\">Ich habe gef\u00fchlt nicht viel Gl\u00fcck und anderen f\u00e4llt alles zu. Ich m\u00f6chte gl\u00fccklich sein und unbeschwert leben k\u00f6nnen.<\/p>\n\n\n\n<div class=\"wp-block-buttons is-layout-flex wp-block-buttons-is-layout-flex\">\n<div class=\"wp-block-button aligncenter is-style-primary\"><a class=\"wp-block-button__link wp-element-button\">ERREICHEN WAS ICH WILL<\/a><\/div>\n<\/div>\n\n\n\n<p class=\"has-nv-dark-bg-color has-text-color\">Ich wei\u00df, was ich will aber ich scheitere immer knapp vor dem Ziel, oder erreiche mein Ziel nicht. Ich m\u00f6chte endlich das erreichen, was ich mir w\u00fcnsche.<\/p>\n\n\n\n<div class=\"wp-block-buttons is-layout-flex wp-block-buttons-is-layout-flex\">\n<div class=\"wp-block-button aligncenter is-style-primary\"><a class=\"wp-block-button__link wp-element-button\">PR\u00dcFUNGSANGST<\/a><\/div>\n<\/div>\n\n\n\n<p class=\"has-nv-dark-bg-color has-text-color\">Ich habe akute Pr\u00fcfungsangst. Ich lerne viel und kann die Inhalte gut aber vor der Pr\u00fcfung werde ich komplett nerv\u00f6s und vergesse alles. Ich m\u00f6chte ruhig und gelassen zu einer Pr\u00fcfung gehen k\u00f6nnen.<\/p>\n\n\n\n<div class=\"wp-block-buttons is-layout-flex wp-block-buttons-is-layout-flex\">\n<div class=\"wp-block-button aligncenter is-style-primary\"><a class=\"wp-block-button__link wp-element-button\">MUSTER<\/a><\/div>\n<\/div>\n\n\n\n<p class=\"has-nv-dark-bg-color has-text-color\">Ich habe ein Muster, das ich immer wieder verfolge. Ich falle z.B. immer auf die gleichen Typen M\u00e4nner\/ Frauen herein obwohl ich wei\u00df, dass mir das nicht gut tut. <\/p>\n<\/div>\n\n\n\n<div class=\"wp-block-column is-layout-flow wp-block-column-is-layout-flow\" style=\"flex-basis:50%\">\n<div class=\"wp-block-buttons is-layout-flex wp-block-buttons-is-layout-flex\">\n<div class=\"wp-block-button aligncenter is-style-primary\"><a class=\"wp-block-button__link wp-element-button\">ABGRENZUNG<\/a><\/div>\n<\/div>\n\n\n\n<p class=\"has-nv-dark-bg-color has-text-color\">Die Eltern, die Familie, alle fordern etwas von mir und das baut Druck auf und belastet mich. Ich tue mir schwer beim \u201eNein* sagen. Ich m\u00f6chte mich abgrenzen k\u00f6nnen, um damit locker umzugehen.<\/p>\n\n\n\n<div class=\"wp-block-buttons is-layout-flex wp-block-buttons-is-layout-flex\">\n<div class=\"wp-block-button aligncenter is-style-primary\"><a class=\"wp-block-button__link wp-element-button\">ABNEHMEN<\/a><\/div>\n<\/div>\n\n\n\n<p class=\"has-nv-dark-bg-color has-text-color\">Ich w\u00fcrde gerne abnehmen, aber es klappt nicht, es ist schwer konsequent zu sein und ich halte nicht durch. Mein Partner oder mein Umfeld sabotiert meine Versuche, anstatt mich zu unterst\u00fctzen.<\/p>\n\n\n\n<div class=\"wp-block-buttons is-layout-flex wp-block-buttons-is-layout-flex\">\n<div class=\"wp-block-button aligncenter is-style-primary\"><a class=\"wp-block-button__link wp-element-button\">KRANKHEIT<\/a><\/div>\n<\/div>\n\n\n\n<p class=\"has-nv-dark-bg-color has-text-color\">Ich oder jemand, der mir nahe steht, hat eine Erkrankung und ich brauche Kraft um damit umzugehen.<\/p>\n\n\n\n<div class=\"wp-block-buttons is-layout-flex wp-block-buttons-is-layout-flex\">\n<div class=\"wp-block-button aligncenter is-style-primary\"><a class=\"wp-block-button__link wp-element-button\">LEBENSZIELE<\/a><\/div>\n<\/div>\n\n\n\n<p class=\"has-nv-dark-bg-color has-text-color\">Ich wei\u00df, dass ich etwas Anderes in meinem Leben will, als das, was ich jetzt habe, aber ich wei\u00df nicht was. Das m\u00f6chte ich herausfinden.<\/p>\n\n\n\n<div class=\"wp-block-buttons is-layout-flex wp-block-buttons-is-layout-flex\">\n<div class=\"wp-block-button aligncenter is-style-primary\"><a class=\"wp-block-button__link wp-element-button\">MEIN LEBEN SOLL SCH\u00d6N SEIN<\/a><\/div>\n<\/div>\n\n\n\n<p class=\"has-nv-dark-bg-color has-text-color\">Mein Alltag ist irgendwie grau in grau. Die richtige Lebensfreude fehlt mir, ich m\u00f6chte, dass mir auch viele gute Dinge passieren, wie das bei anderen der Fall ist.<\/p>\n\n\n\n<div class=\"wp-block-buttons is-layout-flex wp-block-buttons-is-layout-flex\">\n<div class=\"wp-block-button aligncenter is-style-primary\"><a class=\"wp-block-button__link wp-element-button\">SELBSTSICHERHEIT<\/a><\/div>\n<\/div>\n\n\n\n<p class=\"has-nv-dark-bg-color has-text-color\">Ich bin sehr unsicher und mir fehlt die Selbstsicherheit. Ich h\u00e4tte gerne ein sicheres Auftreten und m\u00f6chte \u00fcberzeugt von mir selbst sein.<\/p>\n\n\n\n<div class=\"wp-block-buttons is-layout-flex wp-block-buttons-is-layout-flex\">\n<div class=\"wp-block-button aligncenter is-style-primary\"><a class=\"wp-block-button__link wp-element-button\">SELBSTBEWUSSTSEIN<\/a><\/div>\n<\/div>\n\n\n\n<p class=\"has-nv-dark-bg-color has-text-color\">Ich hinterfrage mich dauernd selbst und habe ein niedriges Selbstbewusstsein. Ich habe das Gef\u00fchl es gibt immer jemanden, der besser ist als ich.<\/p>\n\n\n\n<div class=\"wp-block-buttons is-layout-flex wp-block-buttons-is-layout-flex\">\n<div class=\"wp-block-button aligncenter is-style-primary\"><a class=\"wp-block-button__link wp-element-button\">PERFEKTIONISMUS<\/a><\/div>\n<\/div>\n\n\n\n<p class=\"has-nv-dark-bg-color has-text-color\">Es stresst mich, dass ich immer perfekt sein muss. Ich will die Erwartungen der Au\u00dfenwelt erf\u00fcllen. Ich bin nicht gut genug, was ich mache ist nicht gut genug.<\/p>\n<\/div>\n<\/div>\n\n\n\n<div style=\"height:40px\" aria-hidden=\"true\" class=\"wp-block-spacer\"><\/div>\n<\/div><\/div>\n<\/div><\/div>\n\n\n\n<div class=\"wp-block-cover alignfull\" style=\"min-height:300px;aspect-ratio:unset;\"><span aria-hidden=\"true\" class=\"wp-block-cover__background has-nv-dark-bg-background-color has-background-dim-100 has-background-dim\"><\/span><div class=\"wp-block-cover__inner-container is-layout-flow wp-block-cover-is-layout-flow\">\n<h2 class=\"has-text-align-center has-nv-text-dark-bg-color has-text-color wp-block-heading\">Jeder Weg beginnt mit dem ersten Schritt!<\/h2>\n\n\n\n<p class=\"has-text-align-center has-medium-font-size\">Einfach losgehen!<\/p>\n\n\n\n<div class=\"wp-block-buttons is-content-justification-center is-layout-flex wp-container-core-buttons-is-layout-16018d1d wp-block-buttons-is-layout-flex\">\n<div class=\"wp-block-button is-style-primary\"><a class=\"wp-block-button__link wp-element-button\" href=\"https:\/\/www.einfach-losgehen.at\/?page_id=39\">KONTAKT<\/a><\/div>\n<\/div>\n\n\n\n<div style=\"height:80px\" aria-hidden=\"true\" class=\"wp-block-spacer\"><\/div>\n<\/div><\/div>\n","protected":false},"excerpt":{"rendered":"","protected":false},"author":1,"featured_media":0,"parent":0,"menu_order":0,"comment_status":"closed","ping_status":"closed","template":"","meta":{"neve_meta_sidebar":"","neve_meta_container":"","neve_meta_enable_content_width":"on","neve_meta_content_width":100,"neve_meta_title_alignment":"","neve_meta_author_avatar":"","neve_post_elements_order":"","neve_meta_disable_header":"","neve_meta_disable_footer":"","neve_meta_disable_title":"on","_ti_tpc_template_sync":false,"_ti_tpc_template_id":"","footnotes":""},"class_list":["post-40","page","type-page","status-publish","hentry"],"_links":{"self":[{"href":"https:\/\/www.einfach-losgehen.at\/index.php?rest_route=\/wp\/v2\/pages\/40","targetHints":{"allow":["GET"]}}],"collection":[{"href":"https:\/\/www.einfach-losgehen.at\/index.php?rest_route=\/wp\/v2\/pages"}],"about":[{"href":"https:\/\/www.einfach-losgehen.at\/index.php?rest_route=\/wp\/v2\/types\/page"}],"author":[{"embeddable":true,"href":"https:\/\/www.einfach-losgehen.at\/index.php?rest_route=\/wp\/v2\/users\/1"}],"replies":[{"embeddable":true,"href":"https:\/\/www.einfach-losgehen.at\/index.php?rest_route=%2Fwp%2Fv2%2Fcomments&post=40"}],"version-history":[{"count":12,"href":"https:\/\/www.einfach-losgehen.at\/index.php?rest_route=\/wp\/v2\/pages\/40\/revisions"}],"predecessor-version":[{"id":176,"href":"https:\/\/www.einfach-losgehen.at\/index.php?rest_route=\/wp\/v2\/pages\/40\/revisions\/176"}],"wp:attachment":[{"href":"https:\/\/www.einfach-losgehen.at\/index.php?rest_route=%2Fwp%2Fv2%2Fmedia&parent=40"}],"curies":[{"name":"wp","href":"https:\/\/api.w.org\/{rel}","templated":true}]}}